[INFO] cloning repository https://github.com/squidboylan/raytracer
[INFO] running `Command { std: "git" "-c" "credential.helper=" "-c" "credential.helper=/workspace/cargo-home/bin/git-credential-null" "clone" "--bare" "https://github.com/squidboylan/raytracer" "/workspace/cache/git-repos/https%3A%2F%2Fgithub.com%2Fsquidboylan%2Fraytracer", kill_on_drop: false }`
[INFO] [stderr] Cloning into bare repository '/workspace/cache/git-repos/https%3A%2F%2Fgithub.com%2Fsquidboylan%2Fraytracer'...
[INFO] running `Command { std: "git" "rev-parse" "HEAD", kill_on_drop: false }`
[INFO] [stdout] c7eaff2b21a41f6bc897cd2c136669e847b6b6e9
[INFO] building squidboylan/raytracer against master#881c1ac408d93bb7adaa3a51dabab9266e82eee8 for issue-85264
[INFO] running `Command { std: "git" "clone" "/workspace/cache/git-repos/https%3A%2F%2Fgithub.com%2Fsquidboylan%2Fraytracer" "/workspace/builds/worker-6/source", kill_on_drop: false }`
[INFO] [stderr] Cloning into '/workspace/builds/worker-6/source'...
[INFO] [stderr] done.
[INFO] validating manifest of git repo https://github.com/squidboylan/raytracer on toolchain 881c1ac408d93bb7adaa3a51dabab9266e82eee8
[INFO] running `Command { std: "/workspace/cargo-home/bin/cargo" "+881c1ac408d93bb7adaa3a51dabab9266e82eee8" "metadata" "--manifest-path" "Cargo.toml" "--no-deps", kill_on_drop: false }`
[INFO] started tweaking git repo https://github.com/squidboylan/raytracer
[INFO] finished tweaking git repo https://github.com/squidboylan/raytracer
[INFO] tweaked toml for git repo https://github.com/squidboylan/raytracer written to /workspace/builds/worker-6/source/Cargo.toml
[INFO] crate git repo https://github.com/squidboylan/raytracer already has a lockfile, it will not be regenerated
[INFO] running `Command { std: "/workspace/cargo-home/bin/cargo" "+881c1ac408d93bb7adaa3a51dabab9266e82eee8" "fetch" "--manifest-path" "Cargo.toml", kill_on_drop: false }`
[INFO] running `Command { std: "docker" "create" "-v" "/var/lib/crater-agent-workspace/builds/worker-6/target:/opt/rustwide/target:rw,Z" "-v" "/var/lib/crater-agent-workspace/builds/worker-6/source:/opt/rustwide/workdir:ro,Z" "-v" "/var/lib/crater-agent-workspace/cargo-home:/opt/rustwide/cargo-home:ro,Z" "-v" "/var/lib/crater-agent-workspace/rustup-home:/opt/rustwide/rustup-home:ro,Z" "-e" "SOURCE_DIR=/opt/rustwide/workdir" "-e" "CARGO_TARGET_DIR=/opt/rustwide/target" "-e" "CARGO_HOME=/opt/rustwide/cargo-home" "-e" "RUSTUP_HOME=/opt/rustwide/rustup-home" "-w" "/opt/rustwide/workdir" "-m" "1610612736" "--user" "0:0" "--network" "none" "ghcr.io/rust-lang/crates-build-env/linux@sha256:20528e8c29e4536546f0102ce88568b16ea7538393a33fcca951030f7af10457" "/opt/rustwide/cargo-home/bin/cargo" "+881c1ac408d93bb7adaa3a51dabab9266e82eee8" "metadata" "--no-deps" "--format-version=1", kill_on_drop: false }`
[INFO] [stdout] a3a0304b463d46d13192fa8d6cad96627946f9cc029e969dfd69d15f9b7e57f5
[INFO] [stderr] WARNING: Your kernel does not support swap limit capabilities or the cgroup is not mounted. Memory limited without swap.
[INFO] running `Command { std: "docker" "start" "-a" "a3a0304b463d46d13192fa8d6cad96627946f9cc029e969dfd69d15f9b7e57f5", kill_on_drop: false }`
[INFO] running `Command { std: "docker" "inspect" "a3a0304b463d46d13192fa8d6cad96627946f9cc029e969dfd69d15f9b7e57f5", kill_on_drop: false }`
[INFO] running `Command { std: "docker" "rm" "-f" "a3a0304b463d46d13192fa8d6cad96627946f9cc029e969dfd69d15f9b7e57f5", kill_on_drop: false }`
[INFO] [stdout] a3a0304b463d46d13192fa8d6cad96627946f9cc029e969dfd69d15f9b7e57f5
[INFO] running `Command { std: "docker" "create" "-v" "/var/lib/crater-agent-workspace/builds/worker-6/target:/opt/rustwide/target:rw,Z" "-v" "/var/lib/crater-agent-workspace/builds/worker-6/source:/opt/rustwide/workdir:ro,Z" "-v" "/var/lib/crater-agent-workspace/cargo-home:/opt/rustwide/cargo-home:ro,Z" "-v" "/var/lib/crater-agent-workspace/rustup-home:/opt/rustwide/rustup-home:ro,Z" "-e" "SOURCE_DIR=/opt/rustwide/workdir" "-e" "CARGO_TARGET_DIR=/opt/rustwide/target" "-e" "CARGO_INCREMENTAL=0" "-e" "RUST_BACKTRACE=full" "-e" "RUSTFLAGS=--cap-lints=forbid" "-e" "CARGO_HOME=/opt/rustwide/cargo-home" "-e" "RUSTUP_HOME=/opt/rustwide/rustup-home" "-w" "/opt/rustwide/workdir" "-m" "1610612736" "--user" "0:0" "--network" "none" "ghcr.io/rust-lang/crates-build-env/linux@sha256:20528e8c29e4536546f0102ce88568b16ea7538393a33fcca951030f7af10457" "/opt/rustwide/cargo-home/bin/cargo" "+881c1ac408d93bb7adaa3a51dabab9266e82eee8" "build" "--frozen" "--message-format=json", kill_on_drop: false }`
[INFO] [stdout] ab3e5667a8eac26816f3c4106c97a894453701f48c7d176a73c121e9db19b95e
[INFO] [stderr] WARNING: Your kernel does not support swap limit capabilities or the cgroup is not mounted. Memory limited without swap.
[INFO] running `Command { std: "docker" "start" "-a" "ab3e5667a8eac26816f3c4106c97a894453701f48c7d176a73c121e9db19b95e", kill_on_drop: false }`
[INFO] [stderr]    Compiling cfg-if v0.1.5
[INFO] [stderr]    Compiling libc v0.2.43
[INFO] [stderr]    Compiling adler32 v1.0.3
[INFO] [stderr]    Compiling inflate v0.2.0
[INFO] [stderr]    Compiling bitflags v0.7.0
[INFO] [stderr]    Compiling owning_ref v0.3.3
[INFO] [stderr]    Compiling smallvec v0.6.5
[INFO] [stderr]    Compiling crossbeam-utils v0.2.2
[INFO] [stderr]    Compiling crossbeam-epoch v0.5.2
[INFO] [stderr]    Compiling lock_api v0.1.3
[INFO] [stderr]    Compiling deflate v0.7.18
[INFO] [stderr]    Compiling crossbeam-epoch v0.3.1
[INFO] [stderr]    Compiling crossbeam-deque v0.5.2
[INFO] [stderr]    Compiling rand v0.5.5
[INFO] [stderr]    Compiling num_cpus v1.8.0
[INFO] [stderr]    Compiling crossbeam-deque v0.2.0
[INFO] [stderr]    Compiling rayon-core v1.4.1
[INFO] [stderr]    Compiling png v0.7.0
[INFO] [stderr]    Compiling rayon v1.0.2
[INFO] [stderr]    Compiling parking_lot_core v0.3.0
[INFO] [stderr]    Compiling parking_lot v0.6.4
[INFO] [stderr]    Compiling crossbeam-channel v0.2.4
[INFO] [stderr]    Compiling crossbeam v0.4.1
[INFO] [stderr]    Compiling jpeg-decoder v0.1.15
[INFO] [stderr]    Compiling image v0.13.0
[INFO] [stderr]    Compiling raytracer v0.1.0 (/opt/rustwide/workdir)
[INFO] [stdout] warning: unused import: `super::color::Color`
[INFO] [stdout]  --> src/camera.rs:2:5
[INFO] [stdout]   |
[INFO] [stdout] 2 | use super::color::Color;
[INFO] [stdout]   |     ^^^^^^^^^^^^^^^^^^^
[INFO] [stdout]   |
[INFO] [stdout]   = note: `#[warn(unused_imports)]` on by default
[INFO] [stdout] 
[INFO] [stdout] 
[INFO] [stdout] warning: unused import: `std::thread`
[INFO] [stdout]   --> src/main.rs:15:5
[INFO] [stdout]    |
[INFO] [stdout] 15 | use std::thread;
[INFO] [stdout]    |     ^^^^^^^^^^^
[INFO] [stdout] 
[INFO] [stdout] 
[INFO] [stdout] warning: unused variable: `coordinates`
[INFO] [stdout]   --> src/object.rs:38:25
[INFO] [stdout]    |
[INFO] [stdout] 38 |     fn get_color(&self, coordinates: Vector3D) -> Color {
[INFO] [stdout]    |                         ^^^^^^^^^^^ help: if this is intentional, prefix it with an underscore: `_coordinates`
[INFO] [stdout]    |
[INFO] [stdout]    = note: `#[warn(unused_variables)]` on by default
[INFO] [stdout] 
[INFO] [stdout] 
[INFO] [stdout] warning: field is never read: `resolution_h`
[INFO] [stdout]   --> src/camera.rs:29:5
[INFO] [stdout]    |
[INFO] [stdout] 29 |     resolution_h: usize,
[INFO] [stdout]    |     ^^^^^^^^^^^^^^^^^^^
[INFO] [stdout]    |
[INFO] [stdout]    = note: `#[warn(dead_code)]` on by default
[INFO] [stdout] 
[INFO] [stdout] 
[INFO] [stdout] warning: field is never read: `fov`
[INFO] [stdout]   --> src/camera.rs:33:5
[INFO] [stdout]    |
[INFO] [stdout] 33 |     fov: f32,
[INFO] [stdout]    |     ^^^^^^^^
[INFO] [stdout] 
[INFO] [stdout] 
[INFO] [stdout] warning: 5 warnings emitted
[INFO] [stdout] 
[INFO] [stdout] 
[INFO] [stderr]     Finished dev [unoptimized + debuginfo] target(s) in 20.42s
[INFO] running `Command { std: "docker" "inspect" "ab3e5667a8eac26816f3c4106c97a894453701f48c7d176a73c121e9db19b95e", kill_on_drop: false }`
[INFO] running `Command { std: "docker" "rm" "-f" "ab3e5667a8eac26816f3c4106c97a894453701f48c7d176a73c121e9db19b95e", kill_on_drop: false }`
[INFO] [stdout] ab3e5667a8eac26816f3c4106c97a894453701f48c7d176a73c121e9db19b95e
[INFO] running `Command { std: "docker" "create" "-v" "/var/lib/crater-agent-workspace/builds/worker-6/target:/opt/rustwide/target:rw,Z" "-v" "/var/lib/crater-agent-workspace/builds/worker-6/source:/opt/rustwide/workdir:ro,Z" "-v" "/var/lib/crater-agent-workspace/cargo-home:/opt/rustwide/cargo-home:ro,Z" "-v" "/var/lib/crater-agent-workspace/rustup-home:/opt/rustwide/rustup-home:ro,Z" "-e" "SOURCE_DIR=/opt/rustwide/workdir" "-e" "CARGO_TARGET_DIR=/opt/rustwide/target" "-e" "CARGO_INCREMENTAL=0" "-e" "RUST_BACKTRACE=full" "-e" "RUSTFLAGS=--cap-lints=forbid" "-e" "CARGO_HOME=/opt/rustwide/cargo-home" "-e" "RUSTUP_HOME=/opt/rustwide/rustup-home" "-w" "/opt/rustwide/workdir" "-m" "1610612736" "--user" "0:0" "--network" "none" "ghcr.io/rust-lang/crates-build-env/linux@sha256:20528e8c29e4536546f0102ce88568b16ea7538393a33fcca951030f7af10457" "/opt/rustwide/cargo-home/bin/cargo" "+881c1ac408d93bb7adaa3a51dabab9266e82eee8" "test" "--frozen" "--no-run" "--message-format=json", kill_on_drop: false }`
[INFO] [stdout] d3413dad7c312030257c5d4c3b35871cd38e112ff429fccbe1775b474e62e1a9
[INFO] [stderr] WARNING: Your kernel does not support swap limit capabilities or the cgroup is not mounted. Memory limited without swap.
[INFO] running `Command { std: "docker" "start" "-a" "d3413dad7c312030257c5d4c3b35871cd38e112ff429fccbe1775b474e62e1a9", kill_on_drop: false }`
[INFO] [stderr]    Compiling raytracer v0.1.0 (/opt/rustwide/workdir)
[INFO] [stdout] warning: unused import: `super::color::Color`
[INFO] [stdout]  --> src/camera.rs:2:5
[INFO] [stdout]   |
[INFO] [stdout] 2 | use super::color::Color;
[INFO] [stdout]   |     ^^^^^^^^^^^^^^^^^^^
[INFO] [stdout]   |
[INFO] [stdout]   = note: `#[warn(unused_imports)]` on by default
[INFO] [stdout] 
[INFO] [stdout] 
[INFO] [stdout] warning: unused import: `std::thread`
[INFO] [stdout]   --> src/main.rs:15:5
[INFO] [stdout]    |
[INFO] [stdout] 15 | use std::thread;
[INFO] [stdout]    |     ^^^^^^^^^^^
[INFO] [stdout] 
[INFO] [stdout] 
[INFO] [stdout] warning: unused variable: `coordinates`
[INFO] [stdout]   --> src/object.rs:38:25
[INFO] [stdout]    |
[INFO] [stdout] 38 |     fn get_color(&self, coordinates: Vector3D) -> Color {
[INFO] [stdout]    |                         ^^^^^^^^^^^ help: if this is intentional, prefix it with an underscore: `_coordinates`
[INFO] [stdout]    |
[INFO] [stdout]    = note: `#[warn(unused_variables)]` on by default
[INFO] [stdout] 
[INFO] [stdout] 
[INFO] [stdout] warning: variable does not need to be mutable
[INFO] [stdout]   --> src/vector.rs:72:9
[INFO] [stdout]    |
[INFO] [stdout] 72 |     let mut v2: Vector3D = Vector3D( [3.0, 2.0, 1.0] );
[INFO] [stdout]    |         ----^^
[INFO] [stdout]    |         |
[INFO] [stdout]    |         help: remove this `mut`
[INFO] [stdout]    |
[INFO] [stdout]    = note: `#[warn(unused_mut)]` on by default
[INFO] [stdout] 
[INFO] [stdout] 
[INFO] [stdout] error[E0382]: use of moved value: `v2`
[INFO] [stdout]   --> src/vector.rs:76:16
[INFO] [stdout]    |
[INFO] [stdout] 72 |     let mut v2: Vector3D = Vector3D( [3.0, 2.0, 1.0] );
[INFO] [stdout]    |         ------ move occurs because `v2` has type `Vector3D`, which does not implement the `Copy` trait
[INFO] [stdout] ...
[INFO] [stdout] 75 |     assert_eq!(v1 - v2, Vector3D( [-2.0, 0.0, 2.0] ));
[INFO] [stdout]    |                     -- value moved here
[INFO] [stdout] 76 |     assert_eq!(v2 - v1, Vector3D( [2.0, 0.0, -2.0] ));
[INFO] [stdout]    |                ^^ value used here after move
[INFO] [stdout] 
[INFO] [stdout] 
[INFO] [stdout] error[E0382]: use of moved value: `v1`
[INFO] [stdout]    --> src/vector.rs:76:21
[INFO] [stdout]     |
[INFO] [stdout] 71  |     let mut v1: Vector3D = Vector3D( [1.0, 2.0, 3.0] );
[INFO] [stdout]     |         ------ move occurs because `v1` has type `Vector3D`, which does not implement the `Copy` trait
[INFO] [stdout] ...
[INFO] [stdout] 75  |     assert_eq!(v1 - v2, Vector3D( [-2.0, 0.0, 2.0] ));
[INFO] [stdout]     |                ------- `v1` moved due to usage in operator
[INFO] [stdout] 76  |     assert_eq!(v2 - v1, Vector3D( [2.0, 0.0, -2.0] ));
[INFO] [stdout]     |                     ^^ value used here after move
[INFO] [stdout]     |
[INFO] [stdout] note: calling this operator moves the left-hand side
[INFO] [stdout] 
[INFO] [stdout] 
[INFO] [stdout] error[E0382]: use of moved value: `v1`
[INFO] [stdout]   --> src/vector.rs:79:16
[INFO] [stdout]    |
[INFO] [stdout] 71 |     let mut v1: Vector3D = Vector3D( [1.0, 2.0, 3.0] );
[INFO] [stdout]    |         ------ move occurs because `v1` has type `Vector3D`, which does not implement the `Copy` trait
[INFO] [stdout] ...
[INFO] [stdout] 76 |     assert_eq!(v2 - v1, Vector3D( [2.0, 0.0, -2.0] ));
[INFO] [stdout]    |                     -- value moved here
[INFO] [stdout] ...
[INFO] [stdout] 79 |     assert_eq!(v1 + v2, Vector3D( [4.0, 4.0, 4.0] ));
[INFO] [stdout]    |                ^^ value used here after move
[INFO] [stdout] 
[INFO] [stdout] 
[INFO] [stdout] error[E0382]: use of moved value: `v2`
[INFO] [stdout]   --> src/vector.rs:79:21
[INFO] [stdout]    |
[INFO] [stdout] 72 |     let mut v2: Vector3D = Vector3D( [3.0, 2.0, 1.0] );
[INFO] [stdout]    |         ------ move occurs because `v2` has type `Vector3D`, which does not implement the `Copy` trait
[INFO] [stdout] ...
[INFO] [stdout] 76 |     assert_eq!(v2 - v1, Vector3D( [2.0, 0.0, -2.0] ));
[INFO] [stdout]    |                ------- `v2` moved due to usage in operator
[INFO] [stdout] ...
[INFO] [stdout] 79 |     assert_eq!(v1 + v2, Vector3D( [4.0, 4.0, 4.0] ));
[INFO] [stdout]    |                     ^^ value used here after move
[INFO] [stdout] 
[INFO] [stdout] 
[INFO] [stdout] error[E0382]: borrow of moved value: `v1`
[INFO] [stdout]   --> src/vector.rs:82:16
[INFO] [stdout]    |
[INFO] [stdout] 71 |     let mut v1: Vector3D = Vector3D( [1.0, 2.0, 3.0] );
[INFO] [stdout]    |         ------ move occurs because `v1` has type `Vector3D`, which does not implement the `Copy` trait
[INFO] [stdout] ...
[INFO] [stdout] 79 |     assert_eq!(v1 + v2, Vector3D( [4.0, 4.0, 4.0] ));
[INFO] [stdout]    |                ------- `v1` moved due to usage in operator
[INFO] [stdout] ...
[INFO] [stdout] 82 |     assert_eq!(v1[0], 1.0);
[INFO] [stdout]    |                ^^ value borrowed here after move
[INFO] [stdout]    |
[INFO] [stdout] note: calling this operator moves the left-hand side
[INFO] [stdout]    = note: borrow occurs due to deref coercion to `[f32; 3]`
[INFO] [stdout] note: deref defined here
[INFO] [stdout]   --> src/vector.rs:56:5
[INFO] [stdout]    |
[INFO] [stdout] 56 |     type Target = [f32; 3];
[INFO] [stdout]    |     ^^^^^^^^^^^^^^^^^^^^^^^
[INFO] [stdout] 
[INFO] [stdout] 
[INFO] [stdout] error: aborting due to 5 previous errors; 4 warnings emitted
[INFO] [stdout] 
[INFO] [stdout] 
[INFO] [stdout] For more information about this error, try `rustc --explain E0382`.
[INFO] [stdout] 
[INFO] [stderr] error: could not compile `raytracer`
[INFO] [stderr] 
[INFO] [stderr] To learn more, run the command again with --verbose.
[INFO] running `Command { std: "docker" "inspect" "d3413dad7c312030257c5d4c3b35871cd38e112ff429fccbe1775b474e62e1a9", kill_on_drop: false }`
[INFO] running `Command { std: "docker" "rm" "-f" "d3413dad7c312030257c5d4c3b35871cd38e112ff429fccbe1775b474e62e1a9", kill_on_drop: false }`
[INFO] [stdout] d3413dad7c312030257c5d4c3b35871cd38e112ff429fccbe1775b474e62e1a9
